{"id":2180,"date":"2014-07-05T14:40:40","date_gmt":"2014-07-05T12:40:40","guid":{"rendered":"https:\/\/velmerstot.sawah.mobi\/?page_id=2180"},"modified":"2024-07-03T15:59:08","modified_gmt":"2024-07-03T13:59:08","slug":"den-wind-einfangen","status":"publish","type":"page","link":"https:\/\/velmerstot.sawah.mobi\/?page_id=2180","title":{"rendered":"Erlebnispunkt 14: Den Wind einfangen"},"content":{"rendered":"<p><\/p>\n<p style=\"color: #666666;\">Die verst\u00e4rkte Nutzung erneuerbarer Energien geh\u00f6rt zu den gro\u00dfen gesellschaftlichen Zielen des 21. Jahrhunderts. Um den Kohlendioxidaussto\u00df zu mindern und die Versorgungssicherheit mit Energie in Deutschland zu erh\u00f6hen, ist der Ausbau der erneuerbaren Energien in den vergangenen Jahren vorangetrieben worden. Ende 2007 lag der Anteil der erneuerbaren Energien\u00a0bereits bei 14,2 %\u00a0der deutschen Stromversorgung, bis 2020 soll er auf 30 % erh\u00f6ht werden.<\/p>\n<p style=\"color: #666666;\">Hier zwischen Teutoburger Wald und Eggegebirge pfeift der Wind so heftig wie nirgendwo anders im deutschen Binnenland, daher gibt es hier\u00a0besonders hohe Windgeschwindigkeiten. Lichtenau und Paderborn geh\u00f6ren in der Region um den Naturpark zu den Gemeinden mit der umfangreichsten installierten Windenergieleistung.<\/p>\n<p style=\"color: #666666;\">Aber nicht immer sto\u00dfen Windkraftanlagen auf Begeisterung. Viele f\u00fcrchten eine Beeintr\u00e4chtigung des Landschaftsbildes, weil die Windkraftanlagen an besonders exponierten Stellen stehen m\u00fcssen, um die h\u00f6chste Windausbeute zu erzielen. Gleichzeitig gibt es Kritik an der L\u00e4rmbel\u00e4stigung durch die Anlagen. F\u00fcr V\u00f6gel besteht im Allgemeinen ein geringes\u00a0Risiko\u00a0f\u00fcr den\u00a0Zusammenprall mit Windkraftanlagen.<\/p>\n<p><\/p>","protected":false},"excerpt":{"rendered":"<p>Die verst\u00e4rkte Nutzung erneuerbarer Energien geh\u00f6rt zu den gro\u00dfen gesellschaftlichen Zielen des 21. Jahrhunderts. Um den Kohlendioxidaussto\u00df zu mindern und die Versorgungssicherheit mit Energie in Deutschland zu erh\u00f6hen, ist der Ausbau der erneuerbaren Energien in den vergangenen Jahren vorangetrieben worden. Ende 2007 lag der Anteil der erneuerbaren Energien\u00a0bereits bei 14,2 %\u00a0der deutschen Stromversorgung, bis 2020 &hellip; <\/p>\n<p class=\"link-more\"><a href=\"https:\/\/velmerstot.sawah.mobi\/?page_id=2180\" class=\"more-link\"><span class=\"screen-reader-text\">\u201eErlebnispunkt 14: Den Wind einfangen\u201c<\/span> weiterlesen<\/a><\/p>\n","protected":false},"author":1,"featured_media":2433,"parent":0,"menu_order":0,"comment_status":"open","ping_status":"open","template":"","meta":{"footnotes":""},"_links":{"self":[{"href":"https:\/\/velmerstot.sawah.mobi\/index.php?rest_route=\/wp\/v2\/pages\/2180"}],"collection":[{"href":"https:\/\/velmerstot.sawah.mobi\/index.php?rest_route=\/wp\/v2\/pages"}],"about":[{"href":"https:\/\/velmerstot.sawah.mobi\/index.php?rest_route=\/wp\/v2\/types\/page"}],"author":[{"embeddable":true,"href":"https:\/\/velmerstot.sawah.mobi\/index.php?rest_route=\/wp\/v2\/users\/1"}],"replies":[{"embeddable":true,"href":"https:\/\/velmerstot.sawah.mobi\/index.php?rest_route=%2Fwp%2Fv2%2Fcomments&post=2180"}],"version-history":[{"count":7,"href":"https:\/\/velmerstot.sawah.mobi\/index.php?rest_route=\/wp\/v2\/pages\/2180\/revisions"}],"predecessor-version":[{"id":2434,"href":"https:\/\/velmerstot.sawah.mobi\/index.php?rest_route=\/wp\/v2\/pages\/2180\/revisions\/2434"}],"wp:featuredmedia":[{"embeddable":true,"href":"https:\/\/velmerstot.sawah.mobi\/index.php?rest_route=\/wp\/v2\/media\/2433"}],"wp:attachment":[{"href":"https:\/\/velmerstot.sawah.mobi\/index.php?rest_route=%2Fwp%2Fv2%2Fmedia&parent=2180"}],"curies":[{"name":"wp","href":"https:\/\/api.w.org\/{rel}","templated":true}]}}