{"id":2163,"date":"2014-07-05T14:27:16","date_gmt":"2014-07-05T12:27:16","guid":{"rendered":"https:\/\/velmerstot.sawah.mobi\/?page_id=2163"},"modified":"2024-07-08T14:11:33","modified_gmt":"2024-07-08T12:11:33","slug":"brotzeit","status":"publish","type":"page","link":"https:\/\/velmerstot.sawah.mobi\/?page_id=2163","title":{"rendered":"Erlebnispunkt 7: Pause &#8211; was hat die Brotzeit mit Klimawandel und Gesundheit zu tun?"},"content":{"rendered":"<p><\/p>\n<p style=\"color: #666666;\">Bevor wir unsere Reise in die Klimazukunft beginnen, g\u00f6nnen Sie sich hier an der K\u00f6hlerbergh\u00fctte gerne eine Pause und packen Ihre Brotzeit aus. Auf unserer Klimaerlebnisroute werden wir ihre Brotzeit n\u00e4her unter die Lupe nehmen. Nicht nur Fliegen, Autofahren und Heizen erzeugen Treibhausgase, auch die Herstellung unserer Nahrungsmittel tr\u00e4gt zum Klimawandel bei. Gleichzeitig ist gerade\u00a0die Ern\u00e4hrung untrennbar mit unserer Gesundheit verbunden.<\/p>\n<p style=\"color: #666666;\">Bestimmte Nahrungsmittel sind von Natur aus nur zu bestimmten Jahreszeiten und in bestimmten Breiten produzierbar. Doch heutzutage gibt es\u00a0in unseren Superm\u00e4rkten fast alles zu jeder Jahreszeit. Berechnungen zeigen: der Anteil der Nahrungsmittelproduktion an den Treibhausgasemissionen; von der Erzeugung, \u00fcber Verarbeitung, den Transport bis zum Verkaufsort, der Lagerung, der Fahrt zum Einkaufsort und der Zubereitung, liegt in Deutschland zwischen 16 und 20 %. Damit kommt der Ern\u00e4hrung in der Klimadiskussion eine \u00e4hnliche Bedeutung zu wie den Bereichen Verkehr und Wohnen. Grunds\u00e4tzlich erzeugen wir durch den\u00a0Kauf tierischer\u00a0Produkte mehr Treibhausgase als durch pflanzliche Produkte. Je st\u00e4rker ein\u00a0Nahrungsmittel verarbeitet worden ist, desto h\u00f6her ist der Energieeinsatz\u00a0gewesen, es hat dann eine schlechte Klimabilanz. Eine gute Klimabilanz hingegen hat frisches, saisonales Gem\u00fcse aus der Region.<\/p>\n<p>\u00dcberpr\u00fcfen Sie Ihr Pausenbrot doch einmal auf den gesundheitlichen Wert und die Folgen f\u00fcr das Klima. Wo wurde Ihr Lebensmittel produziert? Welche Strecke hat es bisher zur\u00fcckgelegt? Welche Verarbeitungsprozesse gab es? Und welchen gesundheitlichen Wert hat das Lebensmittel f\u00fcr Sie?<\/p>\n<p><\/p>","protected":false},"excerpt":{"rendered":"<p>Bevor wir unsere Reise in die Klimazukunft beginnen, g\u00f6nnen Sie sich hier an der K\u00f6hlerbergh\u00fctte gerne eine Pause und packen Ihre Brotzeit aus. Auf unserer Klimaerlebnisroute werden wir ihre Brotzeit n\u00e4her unter die Lupe nehmen. Nicht nur Fliegen, Autofahren und Heizen erzeugen Treibhausgase, auch die Herstellung unserer Nahrungsmittel tr\u00e4gt zum Klimawandel bei. Gleichzeitig ist gerade\u00a0die &hellip; <\/p>\n<p class=\"link-more\"><a href=\"https:\/\/velmerstot.sawah.mobi\/?page_id=2163\" class=\"more-link\"><span class=\"screen-reader-text\">\u201eErlebnispunkt 7: Pause &#8211; was hat die Brotzeit mit Klimawandel und Gesundheit zu tun?\u201c<\/span> weiterlesen<\/a><\/p>\n","protected":false},"author":1,"featured_media":2277,"parent":0,"menu_order":0,"comment_status":"open","ping_status":"open","template":"","meta":{"footnotes":""},"_links":{"self":[{"href":"https:\/\/velmerstot.sawah.mobi\/index.php?rest_route=\/wp\/v2\/pages\/2163"}],"collection":[{"href":"https:\/\/velmerstot.sawah.mobi\/index.php?rest_route=\/wp\/v2\/pages"}],"about":[{"href":"https:\/\/velmerstot.sawah.mobi\/index.php?rest_route=\/wp\/v2\/types\/page"}],"author":[{"embeddable":true,"href":"https:\/\/velmerstot.sawah.mobi\/index.php?rest_route=\/wp\/v2\/users\/1"}],"replies":[{"embeddable":true,"href":"https:\/\/velmerstot.sawah.mobi\/index.php?rest_route=%2Fwp%2Fv2%2Fcomments&post=2163"}],"version-history":[{"count":12,"href":"https:\/\/velmerstot.sawah.mobi\/index.php?rest_route=\/wp\/v2\/pages\/2163\/revisions"}],"predecessor-version":[{"id":2445,"href":"https:\/\/velmerstot.sawah.mobi\/index.php?rest_route=\/wp\/v2\/pages\/2163\/revisions\/2445"}],"wp:featuredmedia":[{"embeddable":true,"href":"https:\/\/velmerstot.sawah.mobi\/index.php?rest_route=\/wp\/v2\/media\/2277"}],"wp:attachment":[{"href":"https:\/\/velmerstot.sawah.mobi\/index.php?rest_route=%2Fwp%2Fv2%2Fmedia&parent=2163"}],"curies":[{"name":"wp","href":"https:\/\/api.w.org\/{rel}","templated":true}]}}